t is the highest common divisor of 15 and f?
15
Let k(m) = -m + 5. Let l be k(0). Suppose -l*t + 37 = h, 5*t - 2*t - 5*h - 11 = 0. Let x = t + 0. What is the highest common divisor of 28 and x?
7
Suppose -2*z = -48 - 144. Calculate the greatest common factor of z and 12.
12
Suppose 0*d = 5*d. Suppose -h = -d*h - 6. Suppose 0 = -2*m - 4*m + 36. Calculate the highest common divisor of h and m.
6
Let p be (4 - (-42)/(-6)) + 48. What is the greatest common divisor of 5 and p?
5
Let g = -6 + 9. Let p be 91/2 - g/6. Suppose 3*z = 3*d + p, -5*z - 5*d = -0*d - 105. Calculate the highest common divisor of z and 2.
2
Suppose 2*w + 2 = 0, 3*b - 45 = 2*w + 62. What is the greatest common factor of b and 7?
7
Suppose 0 = 2*n - 1 - 37. Let k = n - 13. Calculate the highest common divisor of k and 2.
2
Suppose 0 = -a - 0 + 1. Let z be a - 3 - (-5 + 1). Let u be (-4)/z*(-6 - 2). Calculate the greatest common divisor of 112 and u.
16
Suppose 3*v + v = 96. Suppose 2*s - 2*p - 28 = 0, s = -3*p + 8*p + 22. Calculate the highest common factor of v and s.
12
Let h be -17*(-7 + (-3 - -3)). Calculate the greatest common divisor of h and 17.
17
Let w(d) = -d**3 - 9*d**2 - 18*d - 18. Let j be w(-8). Calculate the highest common divisor of j and 93.
31
Let z(h) = 2*h**3 - 7*h**2 + 6*h - 6. Let x be z(5). Let n be (-4)/18 - 581/(-63). What is the greatest common divisor of n and x?
9
Suppose 63*q - 59*q = 16. What is the highest common divisor of 14 and q?
2
Let m = 21 - 14. Suppose -y = -3*s + 67, -3*s + 66 + m = 2*y. Calculate the highest common factor of s and 184.
23
Suppose -11 = -14*l + 59. Let b(u) = -u**2 - 87. Let f be b(0). Let r = -32 - f. Calculate the highest common divisor of r and l.
5
Suppose -4*r + 21 - 1 = 0. Calculate the highest common factor of 90 and r.
5
Let w be 6/15 - (-658)/5. Let b be 2*1*(-111)/(-6). Let n = -25 + b. What is the highest common factor of n and w?
12
Let z be 3/(-1) + 4 + 1. Suppose -2*d = z*d - 16. Suppose d*s + 3*w - 95 = -2*w, -5*s + 94 = -2*w. Calculate the highest common divisor of s and 2.
2
Suppose -119 = -2*o + 217. What is the highest common factor of 21 and o?
21
Let s(d) = d**2 - d + 24. Let n be s(0). What is the highest common factor of 216 and n?
24
Let y be (-12)/20 - 189/(-15). Calculate the greatest common factor of y and 6.
6
Suppose -d + 8 = 3*d. Let j = 4 - d. Suppose -j*g + 38 = 5*u - 3*u, 2*g = 3*u + 18. Calculate the greatest common divisor of 135 and g.
15
Let t(j) = j**2 + 9*j + 3. Let m be t(-6). Let d be (-36 + 0)*m/45. Let y(l) = 13*l**2 - l. Let c be y(1). Calculate the highest common factor of d and c.
12
Suppose 4*o = 4*c + 484, c - 6 = -o + 113. Calculate the greatest common factor of 15 and o.
15
Let i(b) = b**2 + b - 117. Let z be i(0). Let l = -9 - z. Suppose 4*a = -k + 20, -4*a + 56 - 12 = 3*k. What is the greatest common factor of k and l?
12
Let s(x) = x**2 - 2*x + 21. Let b be s(-9). Calculate the greatest common divisor of b and 15.
15
Suppose -2*u = -2*h - 30, -4*u + h + 66 = 3*h. Suppose -t + 0*t + u = 0. Calculate the highest common factor of 176 and t.
16
Suppose -k + 29 = 3*t, -t + 20 = 3*t. Suppose -w = -7*w + 336. What is the greatest common divisor of w and k?
14
Suppose 4*k - 2*s = 86, -8 = -k - 4*s - 0. What is the greatest common factor of k and 5?
5
Let l(g) = 14*g**2 - 3*g + 3. Let c be l(1). Calculate the greatest common divisor of c and 35.
7
Let n(p) = -p + 11. Let s be n(6). Suppose -s*o + 11 + 94 = 0. Let i = o + -3. Calculate the greatest common factor of 72 and i.
18
Let y(b) = b**2 - 2*b + 2. Let j be y(-8). Let z be j/5 - (-4)/(-10). What is the highest common factor of z and 176?
16
Suppose 0 = l + 3*l + j - 43, -5*j = -l - 5. What is the greatest common factor of 25 and l?
5
Suppose 4*a = 3*f - 90, -3*a + 107 = -5*f + 257. Suppose 3*r = v + 132, 264 = 4*r + 2*v + 78. What is the highest common divisor of r and f?
15
Suppose h - 7 = n + 8, 4*h - n - 45 = 0. What is the greatest common factor of 50 and h?
10
Let c(g) = g**2 + 8*g - 2. Let u be c(-8). Let q be (-60)/9*3/u. Let k(n) = 24*n**2 - 2*n - 2. Let o be k(2). What is the highest common divisor of o and q?
10
Let l(k) = -7*k - 7. Let g be l(-3). Calculate the greatest common factor of g and 154.
14
Let v = 21 + -203. Let j = -126 - v. Calculate the greatest common factor of 14 and j.
14
Let w(o) = o**2 - 6*o + 3. Let u be w(7). Suppose -4*p + 178 - u = 0. Calculate the greatest common factor of p and 63.
21
Let d = 71 - 69. What is the highest common factor of 18 and d?
2
Let j be 3/(-2)*(-8)/12. Let l be (5/(-4))/(2/(-8)). What is the greatest common divisor of l and j?
1
Let u be 6/(-14) - 3195/(-105). Let y = 109 + -34. What is the greatest common factor of u and y?
15
Let o be ((-48)/(-5))/((-1)/(-10)). Let p(g) = 6*g + 1. Let k be p(7). Let u = k + -27. What is the highest common divisor of u and o?
16
Let m be (-4)/(-14) - 138/42. Let i(q) = -3*q + 1. Let x be i(m). Calculate the highest common factor of 50 and x.
10
Suppose 3*u + 2 = 4*u. Suppose 0 = j + 4*q + 11, u*j - 2*q - 26 = 2*q. What is the greatest common factor of j and 55?
5
Suppose -120 = -3*f - 4*g, f - 39 = 5*g + 1. Suppose m = -3*v - 0*m - 109, -3*v - 2*m = 113. Let a = v - -51. Calculate the greatest common factor of a and f.
8
Let d(z) = z + 9. Let t be d(-4). Suppose t*v + 28 = 6*v. Suppose 4*r = 5*f + v, 2*r - f = 2*f + 16. Calculate the highest common divisor of 8 and r.
2
Let t = 92 + -36. Let a(w) = w**3 - 12*w**2 - 28*w + 14. Let o be a(14). Calculate the highest common factor of o and t.
14
Suppose 4*h - l + 1031 + 528 = 0, 0 = -h + 3*l - 398. Let q = 551 + h. Calculate the highest common divisor of q and 18.
18
Let j be (-1)/3 + 237/9. Suppose 19 = 5*s - j. Let g(k) = k**2 - 8*k + 2. Let d be g(s). What is the greatest common divisor of 11 and d?
11
Let p = -88 + 172. Calculate the greatest common divisor of p and 21.
21
Let g = -171 - -336. What is the highest common divisor of 15 and g?
15
Suppose 12*t = 11*t + 6. Calculate the highest common factor of t and 2.
2
Let a(n) = 2 - 2*n**2 - 9*n + n**2 - 4 + 3. Let f be a(-7). Suppose -4*j = -0 - 20. Calculate the highest common factor of f and j.
5
Let g be ((-4)/3)/(2/(-3)). Let s(p) = 17*p**2 - 2*p + 1. Let z be 12/8*(-4)/(-6). Let a be s(z). Calculate the highest common factor of a and g.
2
Suppose 0*s = -6*s + 36. What is the greatest common factor of s and 4?
2
Let d(y) = y**3 - 4*y**2 + 2*y + 3. Let x be d(4). Suppose 3*l = -2*l. Let v = 1 + l. Calculate the greatest common factor of v and x.
1
Suppose 3*n = h + 53, -n + 2*h - h + 19 = 0. Let x = n - -16. What is the highest common divisor of x and 11?
11
Let z = 53 - 38. What is the highest common divisor of z and 105?
15
Suppose -15*y + 255 - 30 = 0. What is the highest common divisor of y and 6?
3
Let q(b) = b**2 - 17*b + 46. Let t be q(14). What is the greatest common factor of t and 10?
2
Let u = -120 - -178. What is the highest common factor of 29 and u?
29
Suppose 2*l = 7 + 85. Calculate the highest common divisor of l and 414.
46
Suppose -4*m + 25 = m. Let l = m + 72. Calculate the greatest common divisor of 7 and l.
7
Let v be 7/((-21)/(-8))*-3. Let m(o) = -2*o - 10. Let s be m(v). Calculate the highest common factor of 6 and s.
6
Let b = 23 + -13. Let f = b - 6. Calculate the greatest common factor of f and 28.
4
Suppose 4*y = -0*y. Suppose -3*j - j = -8. Suppose -3*x + j*i + 41 = y, 90 = x + 4*x + i. Calculate the greatest common factor of x and 17.
17
Let w = -23 + 36. What is the greatest common divisor of w and 26?
13
Let m = 48 + -15. Suppose -2*l - i + 25 = 0, -l + 3*i = 2*l - 24. What is the highest common factor of m and l?
11
Let t be (104/(-20))/(2/(-10)). Suppose k = t + 86. What is the greatest common divisor of k and 14?
14
Let c = 55 - -89. What is the highest common factor of 18 and c?
18
Let d(i) = i + 2. Let s = -10 + 4. Let h = 8 + s. Let l be d(h). Calculate the greatest common factor of l and 12.
4
Suppose -4*j = 2*v - 8 + 4, 3*v - j + 22 = 0. Let t = 6 + v. Suppose t = -2*o + 5*p - 0*p + 85, 5*p - 90 = -3*o. What is the highest common divisor of o and 5?
5
Suppose -192 + 1025 = 7*c. What is the highest common factor of c and 34?
17
Let c = -11 - -5. Let k be c/16 + (-935)/(-40). What is the h